{"id":7364,"date":"2022-02-02T22:57:45","date_gmt":"2022-02-02T19:57:45","guid":{"rendered":"https:\/\/salmastra.com.tr\/?page_id=7364"},"modified":"2022-02-03T22:49:42","modified_gmt":"2022-02-03T19:49:42","slug":"mekanik-salmastralar","status":"publish","type":"page","link":"https:\/\/salmastra.com.tr\/index.php\/mekanik-salmastralar\/","title":{"rendered":"Mekanik Salmastralar"},"content":{"rendered":"<p>[vc_row][vc_column][vc_row_inner][vc_column_inner width=&#8221;1\/6&#8243;][vc_custom_heading text=&#8221;208 Serisi&#8221; font_container=&#8221;tag:h5|text_align:center&#8221; google_fonts=&#8221;font_family:ABeeZee%3Aregular%2Citalic|font_style:400%20regular%3A400%3Anormal&#8221; link=&#8221;url:https%3A%2F%2Fsalmastra.com.tr%2Findex.php%2Furun-kategori%2Fmekanik-salmastra%2F200%2F208-serisi%2F&#8221; css=&#8221;.vc_custom_1643912588383{background-color: #dbdbdb !important;}&#8221;][vc_single_image image=&#8221;7128&#8243; img_size=&#8221;full&#8221; onclick=&#8221;custom_link&#8221; parallax_scroll=&#8221;no&#8221; woodmart_inline=&#8221;no&#8221; link=&#8221;https:\/\/salmastra.com.tr\/index.php\/urun-kategori\/mekanik-salmastra\/200\/208-serisi\/&#8221;][\/vc_column_inner][vc_column_inner width=&#8221;1\/6&#8243;][vc_custom_heading text=&#8221;250 Serisi&#8221; font_container=&#8221;tag:h5|text_align:center&#8221; google_fonts=&#8221;font_family:ABeeZee%3Aregular%2Citalic|font_style:400%20regular%3A400%3Anormal&#8221; link=&#8221;url:https%3A%2F%2Fsalmastra.com.tr%2Findex.php%2Furun-kategori%2Fmekanik-salmastra%2F200%2F250-serisi%2F&#8221; css=&#8221;.vc_custom_1643912641103{background-color: #dbdbdb !important;}&#8221;][vc_single_image image=&#8221;7140&#8243; img_size=&#8221;full&#8221; onclick=&#8221;custom_link&#8221; parallax_scroll=&#8221;no&#8221; woodmart_inline=&#8221;no&#8221; link=&#8221;https:\/\/salmastra.com.tr\/index.php\/urun-kategori\/mekanik-salmastra\/200\/250-serisi\/&#8221;][\/vc_column_inner][vc_column_inner width=&#8221;1\/6&#8243;][vc_custom_heading text=&#8221;301 Serisi&#8221; font_container=&#8221;tag:h5|text_align:center&#8221; google_fonts=&#8221;font_family:ABeeZee%3Aregular%2Citalic|font_style:400%20regular%3A400%3Anormal&#8221; link=&#8221;url:https%3A%2F%2Fsalmastra.com.tr%2Findex.php%2Furun-kategori%2Fmekanik-salmastra%2F300%2F301-serisi%2F&#8221; css=&#8221;.vc_custom_1643912707752{background-color: #dbdbdb !important;}&#8221;][vc_single_image image=&#8221;7148&#8243; img_size=&#8221;full&#8221; onclick=&#8221;custom_link&#8221; parallax_scroll=&#8221;no&#8221; woodmart_inline=&#8221;no&#8221; link=&#8221;https:\/\/salmastra.com.tr\/index.php\/urun-kategori\/mekanik-salmastra\/300\/301-serisi\/&#8221;][\/vc_column_inner][vc_column_inner width=&#8221;1\/6&#8243;][vc_custom_heading text=&#8221;305 Serisi&#8221; font_container=&#8221;tag:h5|text_align:center&#8221; google_fonts=&#8221;font_family:ABeeZee%3Aregular%2Citalic|font_style:400%20regular%3A400%3Anormal&#8221; link=&#8221;url:https%3A%2F%2Fsalmastra.com.tr%2Findex.php%2Furun-kategori%2Fmekanik-salmastra%2F300%2F305-serisi%2F&#8221; css=&#8221;.vc_custom_1643912861314{background-color: #dbdbdb !important;}&#8221;][vc_single_image image=&#8221;7065&#8243; img_size=&#8221;full&#8221; onclick=&#8221;custom_link&#8221; parallax_scroll=&#8221;no&#8221; woodmart_inline=&#8221;no&#8221; link=&#8221;https:\/\/salmastra.com.tr\/index.php\/urun-kategori\/mekanik-salmastra\/300\/305-serisi\/&#8221;][\/vc_column_inner][vc_column_inner width=&#8221;1\/6&#8243;][vc_custom_heading text=&#8221;307 Serisi&#8221; font_container=&#8221;tag:h5|text_align:center&#8221; google_fonts=&#8221;font_family:ABeeZee%3Aregular%2Citalic|font_style:400%20regular%3A400%3Anormal&#8221; link=&#8221;url:https%3A%2F%2Fsalmastra.com.tr%2Findex.php%2Furun-kategori%2Fmekanik-salmastra%2F300%2F307-serisi%2F&#8221; css=&#8221;.vc_custom_1643912931446{background-color: #dbdbdb !important;}&#8221;][vc_single_image image=&#8221;7152&#8243; img_size=&#8221;full&#8221; onclick=&#8221;custom_link&#8221; parallax_scroll=&#8221;no&#8221; woodmart_inline=&#8221;no&#8221; link=&#8221;https:\/\/salmastra.com.tr\/index.php\/urun-kategori\/mekanik-salmastra\/300\/307-serisi\/&#8221;][\/vc_column_inner][vc_column_inner width=&#8221;1\/6&#8243;][vc_custom_heading text=&#8221;341 Serisi&#8221; font_container=&#8221;tag:h5|text_align:center&#8221; google_fonts=&#8221;font_family:ABeeZee%3Aregular%2Citalic|font_style:400%20regular%3A400%3Anormal&#8221; link=&#8221;url:https%3A%2F%2Fsalmastra.com.tr%2Findex.php%2Furun-kategori%2Fmekanik-salmastra%2F300%2F341-serisi%2F&#8221; css=&#8221;.vc_custom_1643912991545{background-color: #dbdbdb !important;}&#8221;][vc_single_image image=&#8221;7065&#8243; img_size=&#8221;full&#8221; onclick=&#8221;custom_link&#8221; parallax_scroll=&#8221;no&#8221; woodmart_inline=&#8221;no&#8221; link=&#8221;https:\/\/salmastra.com.tr\/index.php\/urun-kategori\/mekanik-salmastra\/300\/341-serisi\/&#8221;][\/vc_column_inner][\/vc_row_inner][vc_row_inner][vc_column_inner width=&#8221;1\/6&#8243;][vc_custom_heading text=&#8221;355 Serisi&#8221; font_container=&#8221;tag:h5|text_align:center&#8221; google_fonts=&#8221;font_family:ABeeZee%3Aregular%2Citalic|font_style:400%20regular%3A400%3Anormal&#8221; link=&#8221;url:https%3A%2F%2Fsalmastra.com.tr%2Findex.php%2Furun-kategori%2Fmekanik-salmastra%2F300%2F355-serisi%2F&#8221; css=&#8221;.vc_custom_1643914272646{background-color: #dbdbdb !important;}&#8221;][vc_single_image image=&#8221;7331&#8243; img_size=&#8221;full&#8221; onclick=&#8221;custom_link&#8221; parallax_scroll=&#8221;no&#8221; woodmart_inline=&#8221;no&#8221; link=&#8221;https:\/\/salmastra.com.tr\/index.php\/urun-kategori\/mekanik-salmastra\/300\/355-serisi\/&#8221;][\/vc_column_inner][vc_column_inner width=&#8221;1\/6&#8243;][vc_custom_heading text=&#8221;560 Serisi&#8221; font_container=&#8221;tag:h5|text_align:center&#8221; google_fonts=&#8221;font_family:ABeeZee%3Aregular%2Citalic|font_style:400%20regular%3A400%3Anormal&#8221; link=&#8221;url:https%3A%2F%2Fsalmastra.com.tr%2Findex.php%2Furun-kategori%2Fmekanik-salmastra%2F500%2F560-serisi%2F&#8221; css=&#8221;.vc_custom_1643914324149{background-color: #dbdbdb !important;}&#8221;][vc_single_image image=&#8221;7331&#8243; img_size=&#8221;full&#8221; onclick=&#8221;custom_link&#8221; parallax_scroll=&#8221;no&#8221; woodmart_inline=&#8221;no&#8221; link=&#8221;https:\/\/salmastra.com.tr\/index.php\/urun-kategori\/mekanik-salmastra\/500\/560-serisi\/&#8221;][\/vc_column_inner][vc_column_inner width=&#8221;1\/6&#8243;][vc_custom_heading text=&#8221;562 Serisi&#8221; font_container=&#8221;tag:h5|text_align:center&#8221; google_fonts=&#8221;font_family:ABeeZee%3Aregular%2Citalic|font_style:400%20regular%3A400%3Anormal&#8221; link=&#8221;url:https%3A%2F%2Fsalmastra.com.tr%2Findex.php%2Furun-kategori%2Fmekanik-salmastra%2F300%2F301-serisi%2F&#8221; css=&#8221;.vc_custom_1643914363608{background-color: #dbdbdb !important;}&#8221;][vc_single_image image=&#8221;7331&#8243; img_size=&#8221;full&#8221; onclick=&#8221;custom_link&#8221; parallax_scroll=&#8221;no&#8221; woodmart_inline=&#8221;no&#8221; link=&#8221;https:\/\/salmastra.com.tr\/index.php\/urun-kategori\/mekanik-salmastra\/500\/562-serisi\/&#8221;][\/vc_column_inner][vc_column_inner width=&#8221;1\/6&#8243;][vc_custom_heading text=&#8221;610 Serisi&#8221; font_container=&#8221;tag:h5|text_align:center&#8221; google_fonts=&#8221;font_family:ABeeZee%3Aregular%2Citalic|font_style:400%20regular%3A400%3Anormal&#8221; link=&#8221;url:https%3A%2F%2Fsalmastra.com.tr%2Findex.php%2Furun-kategori%2Fmekanik-salmastra%2F600%2F610-serisi%2F&#8221; css=&#8221;.vc_custom_1643914412351{background-color: #dbdbdb !important;}&#8221;][vc_single_image image=&#8221;7065&#8243; img_size=&#8221;full&#8221; onclick=&#8221;custom_link&#8221; parallax_scroll=&#8221;no&#8221; woodmart_inline=&#8221;no&#8221; link=&#8221;https:\/\/salmastra.com.tr\/index.php\/urun-kategori\/mekanik-salmastra\/600\/610-serisi\/&#8221;][\/vc_column_inner][vc_column_inner width=&#8221;1\/6&#8243;][vc_custom_heading text=&#8221;615 Serisi&#8221; font_container=&#8221;tag:h5|text_align:center&#8221; google_fonts=&#8221;font_family:ABeeZee%3Aregular%2Citalic|font_style:400%20regular%3A400%3Anormal&#8221; link=&#8221;url:https%3A%2F%2Fsalmastra.com.tr%2Findex.php%2Furun-kategori%2Fmekanik-salmastra%2F600%2F615-serisi%2F&#8221; css=&#8221;.vc_custom_1643914448413{background-color: #dbdbdb !important;}&#8221;][vc_single_image image=&#8221;7331&#8243; img_size=&#8221;full&#8221; onclick=&#8221;custom_link&#8221; parallax_scroll=&#8221;no&#8221; woodmart_inline=&#8221;no&#8221; link=&#8221;https:\/\/salmastra.com.tr\/index.php\/urun-kategori\/mekanik-salmastra\/600\/615-serisi\/&#8221;][\/vc_column_inner][vc_column_inner width=&#8221;1\/6&#8243;][vc_custom_heading text=&#8221;630 Serisi&#8221; font_container=&#8221;tag:h5|text_align:center&#8221; google_fonts=&#8221;font_family:ABeeZee%3Aregular%2Citalic|font_style:400%20regular%3A400%3Anormal&#8221; link=&#8221;url:https%3A%2F%2Fsalmastra.com.tr%2Findex.php%2Furun-kategori%2Fmekanik-salmastra%2F600%2F630-serisi%2F&#8221; css=&#8221;.vc_custom_1643914520590{background-color: #dbdbdb !important;}&#8221;][vc_single_image image=&#8221;7065&#8243; img_size=&#8221;full&#8221; onclick=&#8221;custom_link&#8221; parallax_scroll=&#8221;no&#8221; woodmart_inline=&#8221;no&#8221; link=&#8221;https:\/\/salmastra.com.tr\/index.php\/urun-kategori\/mekanik-salmastra\/300\/341-serisi\/&#8221;][\/vc_column_inner][\/vc_row_inner][vc_row_inner][vc_column_inner width=&#8221;1\/6&#8243;][vc_custom_heading text=&#8221;642 Serisi&#8221; font_container=&#8221;tag:h5|text_align:center&#8221; google_fonts=&#8221;font_family:ABeeZee%3Aregular%2Citalic|font_style:400%20regular%3A400%3Anormal&#8221; link=&#8221;url:https%3A%2F%2Fsalmastra.com.tr%2Findex.php%2Furun-kategori%2Fmekanik-salmastra%2F600%2F642-serisi%2F&#8221; css=&#8221;.vc_custom_1643914582109{background-color: #dbdbdb !important;}&#8221;][vc_single_image image=&#8221;7331&#8243; img_size=&#8221;full&#8221; onclick=&#8221;custom_link&#8221; parallax_scroll=&#8221;no&#8221; woodmart_inline=&#8221;no&#8221; link=&#8221;https:\/\/salmastra.com.tr\/index.php\/urun-kategori\/mekanik-salmastra\/300\/355-serisi\/&#8221;][\/vc_column_inner][vc_column_inner width=&#8221;1\/6&#8243;][vc_custom_heading text=&#8221;670 Serisi&#8221; font_container=&#8221;tag:h5|text_align:center&#8221; google_fonts=&#8221;font_family:ABeeZee%3Aregular%2Citalic|font_style:400%20regular%3A400%3Anormal&#8221; link=&#8221;url:https%3A%2F%2Fsalmastra.com.tr%2Findex.php%2Furun-kategori%2Fmekanik-salmastra%2F600%2F670-serisi%2F&#8221; css=&#8221;.vc_custom_1643914641131{background-color: #dbdbdb !important;}&#8221;][vc_single_image image=&#8221;7331&#8243; img_size=&#8221;full&#8221; onclick=&#8221;custom_link&#8221; parallax_scroll=&#8221;no&#8221; woodmart_inline=&#8221;no&#8221; link=&#8221;https:\/\/salmastra.com.tr\/index.php\/urun-kategori\/mekanik-salmastra\/500\/560-serisi\/&#8221;][\/vc_column_inner][vc_column_inner width=&#8221;1\/6&#8243;][vc_custom_heading text=&#8221;706 Serisi&#8221; font_container=&#8221;tag:h5|text_align:center&#8221; google_fonts=&#8221;font_family:ABeeZee%3Aregular%2Citalic|font_style:400%20regular%3A400%3Anormal&#8221; link=&#8221;url:https%3A%2F%2Fsalmastra.com.tr%2Findex.php%2Furun-kategori%2Fmekanik-salmastra%2F700%2F706-serisi%2F&#8221; css=&#8221;.vc_custom_1643914694588{background-color: #dbdbdb !important;}&#8221;][vc_single_image image=&#8221;7159&#8243; img_size=&#8221;full&#8221; onclick=&#8221;custom_link&#8221; parallax_scroll=&#8221;no&#8221; woodmart_inline=&#8221;no&#8221; link=&#8221;https:\/\/salmastra.com.tr\/index.php\/urun-kategori\/mekanik-salmastra\/700\/706-serisi\/&#8221;][\/vc_column_inner][vc_column_inner width=&#8221;1\/6&#8243;][vc_custom_heading text=&#8221;801 Serisi&#8221; font_container=&#8221;tag:h5|text_align:center&#8221; google_fonts=&#8221;font_family:ABeeZee%3Aregular%2Citalic|font_style:400%20regular%3A400%3Anormal&#8221; link=&#8221;url:https%3A%2F%2Fsalmastra.com.tr%2Findex.php%2Furun-kategori%2Fmekanik-salmastra%2F800%2F801-serisi%2F&#8221; css=&#8221;.vc_custom_1643914895649{background-color: #dbdbdb !important;}&#8221;][vc_single_image image=&#8221;7065&#8243; img_size=&#8221;full&#8221; onclick=&#8221;custom_link&#8221; parallax_scroll=&#8221;no&#8221; woodmart_inline=&#8221;no&#8221; link=&#8221;https:\/\/salmastra.com.tr\/index.php\/urun-kategori\/mekanik-salmastra\/800\/801-serisi\/&#8221;][\/vc_column_inner][vc_column_inner width=&#8221;1\/6&#8243;][vc_custom_heading text=&#8221;858B Serisi&#8221; font_container=&#8221;tag:h5|text_align:center&#8221; google_fonts=&#8221;font_family:ABeeZee%3Aregular%2Citalic|font_style:400%20regular%3A400%3Anormal&#8221; link=&#8221;url:https%3A%2F%2Fsalmastra.com.tr%2Findex.php%2Furun-kategori%2Fmekanik-salmastra%2F800%2F858b-serisi%2F&#8221; css=&#8221;.vc_custom_1643915077103{background-color: #dbdbdb !important;}&#8221;][vc_single_image image=&#8221;7331&#8243; img_size=&#8221;full&#8221; onclick=&#8221;custom_link&#8221; parallax_scroll=&#8221;no&#8221; woodmart_inline=&#8221;no&#8221; link=&#8221;https:\/\/salmastra.com.tr\/index.php\/urun-kategori\/mekanik-salmastra\/800\/858b-serisi\/&#8221;][\/vc_column_inner][vc_column_inner width=&#8221;1\/6&#8243;][vc_custom_heading text=&#8221;858 Serisi&#8221; font_container=&#8221;tag:h5|text_align:center&#8221; google_fonts=&#8221;font_family:ABeeZee%3Aregular%2Citalic|font_style:400%20regular%3A400%3Anormal&#8221; link=&#8221;url:https%3A%2F%2Fsalmastra.com.tr%2Findex.php%2Furun-kategori%2Fmekanik-salmastra%2F800%2F858-serisi%2F&#8221; css=&#8221;.vc_custom_1643915172810{background-color: #dbdbdb !important;}&#8221;][vc_single_image image=&#8221;7065&#8243; img_size=&#8221;full&#8221; onclick=&#8221;custom_link&#8221; parallax_scroll=&#8221;no&#8221; woodmart_inline=&#8221;no&#8221; link=&#8221;https:\/\/salmastra.com.tr\/index.php\/urun-kategori\/mekanik-salmastra\/800\/858-serisi\/&#8221;][\/vc_column_inner][\/vc_row_inner][vc_row_inner][vc_column_inner width=&#8221;1\/6&#8243;][vc_custom_heading text=&#8221;859B Serisi&#8221; font_container=&#8221;tag:h5|text_align:center&#8221; google_fonts=&#8221;font_family:ABeeZee%3Aregular%2Citalic|font_style:400%20regular%3A400%3Anormal&#8221; link=&#8221;url:https%3A%2F%2Fsalmastra.com.tr%2Findex.php%2Furun-kategori%2Fmekanik-salmastra%2F800%2F859b-serisi%2F&#8221; css=&#8221;.vc_custom_1643915271351{background-color: #dbdbdb !important;}&#8221;][vc_single_image image=&#8221;7331&#8243; img_size=&#8221;full&#8221; onclick=&#8221;custom_link&#8221; parallax_scroll=&#8221;no&#8221; woodmart_inline=&#8221;no&#8221; link=&#8221;https:\/\/salmastra.com.tr\/index.php\/urun-kategori\/mekanik-salmastra\/800\/859b-serisi\/&#8221;][\/vc_column_inner][vc_column_inner width=&#8221;1\/6&#8243;][vc_custom_heading text=&#8221;859 Serisi&#8221; font_container=&#8221;tag:h5|text_align:center&#8221; google_fonts=&#8221;font_family:ABeeZee%3Aregular%2Citalic|font_style:400%20regular%3A400%3Anormal&#8221; link=&#8221;url:https%3A%2F%2Fsalmastra.com.tr%2Findex.php%2Furun-kategori%2Fmekanik-salmastra%2F800%2F859-serisi%2F&#8221; css=&#8221;.vc_custom_1643915298184{background-color: #dbdbdb !important;}&#8221;][vc_single_image image=&#8221;7331&#8243; img_size=&#8221;full&#8221; onclick=&#8221;custom_link&#8221; parallax_scroll=&#8221;no&#8221; woodmart_inline=&#8221;no&#8221; link=&#8221;https:\/\/salmastra.com.tr\/index.php\/urun-kategori\/mekanik-salmastra\/800\/859-serisi\/&#8221;][\/vc_column_inner][vc_column_inner width=&#8221;1\/6&#8243;][vc_custom_heading text=&#8221;860 Serisi&#8221; font_container=&#8221;tag:h5|text_align:center&#8221; google_fonts=&#8221;font_family:ABeeZee%3Aregular%2Citalic|font_style:400%20regular%3A400%3Anormal&#8221; link=&#8221;url:https%3A%2F%2Fsalmastra.com.tr%2Findex.php%2Furun-kategori%2Fmekanik-salmastra%2F800%2F860-serisi%2F&#8221; css=&#8221;.vc_custom_1643915364976{background-color: #dbdbdb !important;}&#8221;][vc_single_image image=&#8221;7331&#8243; img_size=&#8221;full&#8221; onclick=&#8221;custom_link&#8221; parallax_scroll=&#8221;no&#8221; woodmart_inline=&#8221;no&#8221; link=&#8221;https:\/\/salmastra.com.tr\/index.php\/urun-kategori\/mekanik-salmastra\/800\/859-serisi\/&#8221;][\/vc_column_inner][vc_column_inner width=&#8221;1\/6&#8243;][vc_custom_heading text=&#8221;866 Serisi&#8221; font_container=&#8221;tag:h5|text_align:center&#8221; google_fonts=&#8221;font_family:ABeeZee%3Aregular%2Citalic|font_style:400%20regular%3A400%3Anormal&#8221; link=&#8221;url:https%3A%2F%2Fsalmastra.com.tr%2Findex.php%2Furun-kategori%2Fmekanik-salmastra%2F800%2F866-serisi%2F&#8221; css=&#8221;.vc_custom_1643915420625{background-color: #dbdbdb !important;}&#8221;][vc_single_image image=&#8221;7065&#8243; img_size=&#8221;full&#8221; onclick=&#8221;custom_link&#8221; parallax_scroll=&#8221;no&#8221; woodmart_inline=&#8221;no&#8221; link=&#8221;https:\/\/salmastra.com.tr\/index.php\/urun-kategori\/mekanik-salmastra\/800\/866-serisi\/&#8221;][\/vc_column_inner][vc_column_inner width=&#8221;1\/6&#8243;][vc_custom_heading text=&#8221;908 Serisi&#8221; font_container=&#8221;tag:h5|text_align:center&#8221; google_fonts=&#8221;font_family:ABeeZee%3Aregular%2Citalic|font_style:400%20regular%3A400%3Anormal&#8221; link=&#8221;url:https%3A%2F%2Fsalmastra.com.tr%2Findex.php%2Furun-kategori%2Fmekanik-salmastra%2F900%2F908-serisi%2F&#8221; css=&#8221;.vc_custom_1643915460214{background-color: #dbdbdb !important;}&#8221;][vc_single_image image=&#8221;7331&#8243; img_size=&#8221;full&#8221; onclick=&#8221;custom_link&#8221; parallax_scroll=&#8221;no&#8221; woodmart_inline=&#8221;no&#8221; link=&#8221;https:\/\/salmastra.com.tr\/index.php\/urun-kategori\/mekanik-salmastra\/900\/908-serisi\/&#8221;][\/vc_column_inner][vc_column_inner width=&#8221;1\/6&#8243;][vc_custom_heading text=&#8221;910 Serisi&#8221; font_container=&#8221;tag:h5|text_align:center&#8221; google_fonts=&#8221;font_family:ABeeZee%3Aregular%2Citalic|font_style:400%20regular%3A400%3Anormal&#8221; link=&#8221;url:https%3A%2F%2Fsalmastra.com.tr%2Findex.php%2Furun-kategori%2Fmekanik-salmastra%2F900%2F910-serisi%2F&#8221; css=&#8221;.vc_custom_1643915505083{background-color: #dbdbdb !important;}&#8221;][vc_single_image image=&#8221;7065&#8243; img_size=&#8221;full&#8221; onclick=&#8221;custom_link&#8221; parallax_scroll=&#8221;no&#8221; woodmart_inline=&#8221;no&#8221; link=&#8221;https:\/\/salmastra.com.tr\/index.php\/urun-kategori\/mekanik-salmastra\/900\/910-serisi\/&#8221;][\/vc_column_inner][\/vc_row_inner][vc_row_inner][vc_column_inner width=&#8221;1\/6&#8243;][vc_custom_heading text=&#8221;912 Serisi&#8221; font_container=&#8221;tag:h5|text_align:center&#8221; google_fonts=&#8221;font_family:ABeeZee%3Aregular%2Citalic|font_style:400%20regular%3A400%3Anormal&#8221; link=&#8221;url:https%3A%2F%2Fsalmastra.com.tr%2Findex.php%2Furun-kategori%2Fmekanik-salmastra%2F900%2F912-serisi%2F&#8221; css=&#8221;.vc_custom_1643915612653{background-color: #dbdbdb !important;}&#8221;][vc_single_image image=&#8221;7331&#8243; img_size=&#8221;full&#8221; onclick=&#8221;custom_link&#8221; parallax_scroll=&#8221;no&#8221; woodmart_inline=&#8221;no&#8221; link=&#8221;https:\/\/salmastra.com.tr\/index.php\/urun-kategori\/mekanik-salmastra\/800\/859b-serisi\/&#8221;][\/vc_column_inner][vc_column_inner width=&#8221;1\/6&#8243;][vc_custom_heading text=&#8221;920 Serisi&#8221; font_container=&#8221;tag:h5|text_align:center&#8221; google_fonts=&#8221;font_family:ABeeZee%3Aregular%2Citalic|font_style:400%20regular%3A400%3Anormal&#8221; link=&#8221;url:https%3A%2F%2Fsalmastra.com.tr%2Findex.php%2Furun-kategori%2Fmekanik-salmastra%2F900%2F920-serisi%2F&#8221; css=&#8221;.vc_custom_1643915679638{background-color: #dbdbdb !important;}&#8221;][vc_single_image image=&#8221;7331&#8243; img_size=&#8221;full&#8221; onclick=&#8221;custom_link&#8221; parallax_scroll=&#8221;no&#8221; woodmart_inline=&#8221;no&#8221; link=&#8221;https:\/\/salmastra.com.tr\/index.php\/urun-kategori\/mekanik-salmastra\/900\/920-serisi\/&#8221;][\/vc_column_inner][vc_column_inner width=&#8221;1\/6&#8243;][vc_custom_heading text=&#8221;Metal K\u00f6r\u00fckl\u00fc Salmastra&#8221; font_container=&#8221;tag:h5|text_align:center&#8221; google_fonts=&#8221;font_family:ABeeZee%3Aregular%2Citalic|font_style:400%20regular%3A400%3Anormal&#8221; link=&#8221;url:https%3A%2F%2Fsalmastra.com.tr%2Findex.php%2Furun-kategori%2Fmekanik-salmastra%2Fmetal-koruklu-salmastra%2F&#8221; css=&#8221;.vc_custom_1643915720189{background-color: #dbdbdb !important;}&#8221;][vc_single_image image=&#8221;7331&#8243; img_size=&#8221;full&#8221; onclick=&#8221;custom_link&#8221; parallax_scroll=&#8221;no&#8221; woodmart_inline=&#8221;no&#8221; link=&#8221;https:\/\/salmastra.com.tr\/index.php\/urun-kategori\/mekanik-salmastra\/800\/859-serisi\/&#8221;][\/vc_column_inner][vc_column_inner width=&#8221;1\/6&#8243;][\/vc_column_inner][vc_column_inner width=&#8221;1\/6&#8243;][\/vc_column_inner][vc_column_inner width=&#8221;1\/6&#8243;][\/vc_column_inner][\/vc_row_inner][\/vc_column][\/vc_row]<\/p>\n","protected":false},"excerpt":{"rendered":"<p>[vc_row][vc_column][vc_row_inner][vc_column_inner width=&#8221;1\/6&#8243;][vc_custom_heading text=&#8221;208 Serisi&#8221; font_container=&#8221;tag:h5|text_align:center&#8221; google_fonts=&#8221;font_family:ABeeZee%3Aregular%2Citalic|font_style:400%20regular%3A400%3Anormal&#8221; link=&#8221;url:https%3A%2F%2Fsalmastra.com.tr%2Findex.php%2Furun-kategori%2Fmekanik-salmastra%2F200%2F208-serisi%2F&#8221; css=&#8221;.vc_custom_1643912588383{background-color: #dbdbdb !important;}&#8221;][vc_single_image image=&#8221;7128&#8243; img_size=&#8221;full&#8221; onclick=&#8221;custom_link&#8221; parallax_scroll=&#8221;no&#8221; woodmart_inline=&#8221;no&#8221; link=&#8221;https:\/\/salmastra.com.tr\/index.php\/urun-kategori\/mekanik-salmastra\/200\/208-serisi\/&#8221;][\/vc_column_inner][vc_column_inner width=&#8221;1\/6&#8243;][vc_custom_heading text=&#8221;250 Serisi&#8221; font_container=&#8221;tag:h5|text_align:center&#8221;<\/p>\n","protected":false},"author":1,"featured_media":0,"parent":0,"menu_order":0,"comment_status":"closed","ping_status":"closed","template":"","meta":{"footnotes":""},"class_list":["post-7364","page","type-page","status-publish","hentry"],"_links":{"self":[{"href":"https:\/\/salmastra.com.tr\/index.php\/wp-json\/wp\/v2\/pages\/7364","targetHints":{"allow":["GET"]}}],"collection":[{"href":"https:\/\/salmastra.com.tr\/index.php\/wp-json\/wp\/v2\/pages"}],"about":[{"href":"https:\/\/salmastra.com.tr\/index.php\/wp-json\/wp\/v2\/types\/page"}],"author":[{"embeddable":true,"href":"https:\/\/salmastra.com.tr\/index.php\/wp-json\/wp\/v2\/users\/1"}],"replies":[{"embeddable":true,"href":"https:\/\/salmastra.com.tr\/index.php\/wp-json\/wp\/v2\/comments?post=7364"}],"version-history":[{"count":11,"href":"https:\/\/salmastra.com.tr\/index.php\/wp-json\/wp\/v2\/pages\/7364\/revisions"}],"predecessor-version":[{"id":7367,"href":"https:\/\/salmastra.com.tr\/index.php\/wp-json\/wp\/v2\/pages\/7364\/revisions\/7367"}],"wp:attachment":[{"href":"https:\/\/salmastra.com.tr\/index.php\/wp-json\/wp\/v2\/media?parent=7364"}],"curies":[{"name":"wp","href":"https:\/\/api.w.org\/{rel}","templated":true}]}}